, 5*n - 5*h - 2072 = -1782. What is the greatest common factor of m and n?
12
Let f = 52 - 48. Suppose 0*t + 26 = t - f*b, -5*b = -5*t + 175. Calculate the greatest common factor of 95 and t.
19
Let j = 6 - 46. Let k be 3069*(-2 - j/15). Let c be (-4)/(-38) - k/(-57). What is the highest common factor of c and 24?
12
Let m be (-1)/(-2) + (-5)/(-20)*-6. Let o be (1 + (-150)/20)/(m/2). What is the greatest common divisor of o and 143?
13
Suppose 711 = 16*x - 20019 - 75910. What is the greatest common divisor of x and 120?
40
Suppose 4*g + 260 = -g. Let t = -34 - g. Let p be -4 + (-3220)/(-200) - ((-2)/(-20) - 0). What is the highest common factor of t and p?
6
Let n = 311 - 311. Suppose 5*k = 3*f + 687, n = -2*k + 5*k + 3*f - 393. Calculate the greatest common divisor of 54 and k.
27
Let c(r) = 328*r + 5566. Let g be c(-16). Calculate the highest common divisor of 14946 and g.
318
Let c = 4380 - 4272. Calculate the greatest common factor of 306 and c.
18
Suppose 1319 + 175 = 60*k - 1566. Calculate the greatest common divisor of 561 and k.
51
Suppose 0 = 4*n + z - 61317, 0 = -9*n + 10*n + 2*z - 15338. What is the greatest common divisor of 32 and n?
32
Suppose -28*h + 56011 = -40078 + 20825. Calculate the greatest common divisor of 21 and h.
21
Suppose 717*g - 730*g + 1768 = 0. What is the greatest common divisor of 119 and g?
17
Let t be (-4)/10 - (-1 + (-49338)/(-30)). Let h = t - -3429. Suppose -43*k - h = -48*k. What is the greatest common divisor of 51 and k?
51
Suppose -n + h = -89, 12*n + 269 = 15*n - h. What is the greatest common divisor of 500 and n?
10
Let h = 38209 + -37907. What is the greatest common factor of h and 41374?
302
Let t(w) = 16*w - 88. Let u be t(13). Suppose -u = -14*k + 608. What is the greatest common factor of 91 and k?
13
Let k(d) = -d**3 + d**2 - d + 33. Let z be k(0). Let f = -12 - -39. Suppose -23*m - f*m = -3300. What is the highest common factor of z and m?
33
Let k(c) = 13*c - 154. Let i be k(13). Suppose -5*a + 3*h = 6*h - i, a - h = 11. What is the highest common factor of 90 and a?
6
Let g = -247 - -357. Suppose -f - 3*l = -82, -30*f = -28*f - 2*l - 180. Calculate the highest common factor of g and f.
22
Let m be (108/3)/3 - 2. Let d = -53 + 51. Let n be (-2)/(d/3)*16/24. Calculate the highest common factor of n and m.
2
Let q = 19087 - 10494. What is the highest common factor of 39 and q?
13
Let w = -1622 + 1641. What is the greatest common factor of w and 5263?
19
Suppose 0 = -4*w - 3*d + 357, -w - 16*d + 35 = -23*d. What is the greatest common divisor of w and 6153?
21
Let l be (-12)/15*3 + (-58)/(-145). Let s be l/((-14)/665) - -1. Calculate the greatest common factor of 3 and s.
3
Suppose 19*w = 14*w + 25. Suppose -3*u + w*u = 78. What is the highest common divisor of u and 351?
39
Suppose 46*i + 107 = 2545. What is the greatest common factor of 16748 and i?
53
Let x = 783 + -713. Let p = -23 + 33. What is the greatest common factor of x and p?
10
Suppose -3*a - 8 = -59. Let z be (2 + 10/(-4))/(46/(-1012)) - -6. Calculate the highest common divisor of z and a.
17
Let g be (8/3)/((-2)/7*140/(-120)). Suppose -4*k + 6 = -4*x - 18, 4*k + 2*x = 0. Let h be 175/k + 3/6. Calculate the highest common factor of h and g.
8
Let d = -206 - 115. Let v = 673 + d. What is the greatest common factor of 32 and v?
32
Let j be 56/(-14) + (-613 - 3). Let r = 684 + j. What is the highest common divisor of r and 64?
64
Let f = 22270 - 21806. What is the highest common divisor of 72 and f?
8
Let q = 250 - -302. Let w = 598 - q. Calculate the greatest common factor of w and 6.
2
Let a(h) = 2029*h**2 - 49*h + 48. Let t be a(1). What is the highest common factor of 48 and t?
12
Suppose 6*m + 1091 = 32*m + 649. What is the highest common factor of m and 6613?
17
Let v = 6 + 14. Let y = 8 + v. Suppose -2*f + 4 + 24 = 0. What is the highest common factor of f and y?
14
Suppose -7*f + t = -3*f - 205, -25 = -f - 5*t. Suppose -4*n + 1125 = 5*j, 5*j = 2*n - 3*n + 1125. Calculate the highest common factor of f and j.
25
Let z = -33 + 30. Let h be (-1622)/(-12) - z/(-18). Let u be (9 - 4)*h/25. What is the greatest common factor of 3 and u?
3
Let b = 19824 + -19516. Calculate the highest common divisor of 252 and b.
28
Let h be 36*11*(-26)/(-143). Calculate the greatest common factor of 1032 and h.
24
Suppose 3*r - 4*o = 1589, -27*r + 22*r = o - 2656. Calculate the greatest common factor of 649 and r.
59
Let n = 6423 - 6033. What is the highest common divisor of 78 and n?
78
Let j(q) = -52*q - 34. Let h be j(-7). Let l be (207/(-92))/(3/(-40)). Calculate the highest common factor of l and h.
30
Suppose -671 + 4571 = 167*s + 28*s. Let p(n) = n**2 + 2*n + 5. Suppose 5*m - 16 = -51. Let i be p(m). Calculate the highest common factor of s and i.
20
Suppose -3996 = -334*m + 316*m. Calculate the highest common factor of 6771 and m.
111
Let t(o) = -o**3 + 5*o**2 + 302*o - 908. Let p be t(3). Suppose -20 + 2 = 3*f. Let y = f + 22. Calculate the greatest common divisor of p and y.
16
Let s(d) = -20*d - 40. Let u be s(-12). Suppose 2*c = -3*i + 13, -5*c + i = -26 + 2. Let y be (c + 20)*(1 - 0). What is the greatest common factor of u and y?
25
Let z be (-28)/8*(-6 + -32). Let a be 3 + (-7)/(35/(-75)). Let s be 4/a - 169/(-9). What is the highest common factor of s and z?
19
Suppose 0 = -13*g + 433 + 204. Let u = 366 + -317. What is the highest common factor of u and g?
49
Suppose -86 = u + 214. Let y = u + 433. Suppose 14*h = 119 + y. What is the greatest common factor of h and 27?
9
Suppose -2*v - 28 = -2*q, 0 = 14*q - 9*q + 4*v - 34. Let k be 4 - -13 - (q + -8). Calculate the greatest common factor of k and 60.
15
Suppose 2*j + 12871 - 1261 = 11*j. What is the highest common factor of 60 and j?
30
Let b be (3180/(-80))/53 - 511/(-4). What is the highest common factor of b and 6223?
127
Let k(d) be the second derivative of 0 + 0*d**2 + 7*d - 1/3*d**3. Let f be k(-5). Calculate the highest common factor of f and 20.
10
Suppose -540 = -10*s - 80. Calculate the highest common divisor of s and 2254.
46
Let d = 2190 - 2100. Suppose 0*k = 3*k - 15. Suppose 4*i = k*i - d. Calculate the highest common factor of 20 and i.
10
Let w be 20999 - ((-4)/(-8) + (-93)/62). What is the highest common factor of w and 28?
28
Let f = -2151 - -3005. What is the greatest common factor of 1342 and f?
122
Suppose 6*i - 987 = -303. What is the greatest common factor of i and 57?
57
Let m(b) = -b**2 - 10*b - 34. Let f be m(-17). Let d = f - -201. Let o(w) = -4*w - 20. Let v be o(-14). Calculate the greatest common divisor of d and v.
12
Suppose 6*r - 398 - 148 = 0. Let k(j) = 8*j + 271. Let o be k(-33). Calculate the greatest common divisor of r and o.
7
Let i = 147 + -67. Calculate the greatest common divisor of 610 and i.
10
Let g be 127 - (0 + (-9 - -17)). What is the highest common divisor of g and 6307?
119
Let r be (-34 + 36)/((-2)/(-194)). Let i = -168 + r. What is the greatest common factor of i and 260?
26
Suppose 49*z - 1055 = 1640. What is the greatest common divisor of 583 and z?
11
Suppose 80 = -4*q + 8*q. Let v(h) = -h**3 + 5*h**2 + 14*h + 15. Let r be v(7). Suppose 10*l + 25 = r*l. Calculate the highest common factor of q and l.
5
Suppose -15*m = -20*m + 105. Suppose -5*o = -q - 5, -q - m*o - 1 = -25*o. What is the highest common divisor of 30 and q?
15
Let z(g) = 111*g + 252. Let i be z(6). What is the highest common divisor of i and 486?
54
Let y(t) = 4*t**3 + 4*t**2 - 19*t + 56. Let r(i) = 10*i + 106. Let x be r(-10). Let h be y(x). What is the greatest common divisor of 50 and h?
50
Let i(r) = -r**3 + 12*r**2 + 4*r - 43. Let b be i(12). Let x(p) = 7*p**2 - 2*p - 12. Let h be x(b). What is the greatest common divisor of 408 and h?
51
Suppose 5*v + 362 = 1132. Let s = 165 - v. What is the highest common divisor of s and 121?
11
Suppose -v + 66 = -3*n, -265 - 41 = -5*v + 3*n. Calculate the greatest common divisor of 4180 and v.
20
Let t be (9/81*-3)/((-2)/24). Let x be 64*(5 + -3) - t. Calculate the greatest common divisor of 31 and x.
31
Let s = 221 + -188. Let x be ((-44)/(-6))/(5 + (-176)/36). Calculate the greatest common divisor of x and s.
33
Let c be -6 + (588/7)/6. Suppose y - 6*y = -15. Calculate the highest common divisor of y and c.
1
Let 